53
Calculate the greatest common divisor of 21572 and 84.
4
Calculate the greatest common factor of 110856 and 1116.
372
What is the greatest common factor of 175623 and 609?
21
What is the greatest common divisor of 2349 and 46429?
29
What is the highest common factor of 72 and 19576?
8
What is the greatest common factor of 959635 and 295?
295
Calculate the highest common factor of 201457 and 253.
23
What is the greatest common factor of 406 and 20006?
14
What is the highest common factor of 70976 and 87611?
1109
What is the greatest common factor of 2142 and 6681?
51
Calculate the highest common factor of 98 and 147574.
14
Calculate the greatest common divisor of 4209 and 184713.
69
What is the highest common factor of 50524 and 119?
17
What is the greatest common divisor of 34528 and 8?
8
What is the highest common factor of 131 and 203967?
131
What is the greatest common divisor of 27478 and 1298?
22
What is the highest common factor of 1584 and 171864?
792
What is the greatest common factor of 880 and 6435?
55
What is the highest common divisor of 349444 and 199?
199
Calculate the greatest common factor of 5715 and 10160.
635
Calculate the highest common divisor of 1034506 and 110.
22
Calculate the greatest common factor of 15962 and 37129.
347
Calculate the highest common factor of 56 and 31822.
14
What is the greatest common divisor of 36 and 612?
36
Calculate the greatest common divisor of 1376 and 651536.
688
Calculate the greatest common divisor of 494348 and 83.
83
Calculate the highest common divisor of 9005 and 1250.
5
What is the greatest common divisor of 1516997 and 86?
43
What is the greatest common factor of 6329043 and 189?
189
Calculate the greatest common divisor of 13424 and 784.
16
Calculate the highest common factor of 7574 and 154.
14
Calculate the highest common divisor of 8701 and 22.
11
What is the highest common factor of 18473 and 1131?
377
Calculate the highest common factor of 105 and 28590.
15
What is the greatest common factor of 1385 and 85593?
277
What is the highest common divisor of 104 and 2272?
8
What is the highest common divisor of 9 and 177369?
3
Calculate the greatest common factor of 13167 and 2907.
171
Calculate the greatest common factor of 1082811 and 1164.
291
What is the highest common divisor of 850 and 1511810?
170
What is the highest common divisor of 1092 and 1339?
13
What is the greatest common factor of 61771 and 9972?
277
Calculate the highest common factor of 200 and 10275000.
200
Calculate the greatest common divisor of 1083303 and 1269.
423
Calculate the highest common factor of 29 and 1492369.
29
What is the greatest common factor of 10020 and 84?
12
Calculate the highest common divisor of 258 and 2076.
6
Calculate the highest common divisor of 2866986 and 7470.
1494
What is the greatest common divisor of 101988 and 1116?
36
Calculate the highest common divisor of 162 and 777519.
81
What is the highest common factor of 78750 and 2682?
18
Calculate the highest common factor of 6401 and 629.
37
Calculate the greatest common divisor of 1131 and 37479.
39
Calculate the highest common divisor of 34249 and 493.
29
Calculate the greatest common divisor of 195082 and 618.
206
Calculate the greatest common divisor of 342 and 1170780.
114
What is the greatest common divisor of 952 and 2142?
238
What is the greatest common factor of 24462 and 279048?
906
What is the highest common divisor of 4120151 and 14?
7
What is the greatest common factor of 4 and 2476460?
4
Calculate the highest common divisor of 918 and 4765797.
459
What is the greatest common factor of 2418 and 17160?
78
Calculate the greatest common factor of 286048 and 4.
4
Calculate the greatest common divisor of 1584 and 539.
11
What is the greatest common factor of 2682 and 1134?
18
What is the greatest common factor of 19688 and 310300?
428
What is the highest common factor of 56 and 70588?
28
What is the highest common divisor of 141541 and 117551?
2399
Calculate the greatest common factor of 8 and 489120.
8
What is the highest common factor of 4182 and 25296?
102
What is the highest common factor of 26574 and 5562?
618
What is the greatest common factor of 945 and 264705?
105
Calculate the greatest common divisor of 14004 and 4212.
36
Calculate the greatest common factor of 292 and 51319.
73
Calculate the greatest common divisor of 15410 and 536.
134
Calculate the greatest common divisor of 361 and 35587.
19
Calculate the greatest common divisor of 70 and 35252.
14
Calculate the highest common factor of 8028 and 5004.
36
Calculate the greatest common factor of 60 and 78900.
60
Calculate the greatest common factor of 532 and 396074.
266
Calculate the highest common factor of 2086 and 1918.
14
Calculate the highest common factor of 8 and 116796.
4
What is the highest common factor of 187 and 134487?
17
Calculate the highest common divisor of 393 and 115411.
131
Calculate the highest common divisor of 12198 and 63.
3
Calculate the highest common divisor of 1658775 and 51.
51
Calculate the greatest common divisor of 4520 and 68440.
40
What is the greatest common factor of 16925 and 925?
25
What is the highest common divisor of 429890 and 20?
10
Calculate the greatest common divisor of 3575 and 80.
5
Calculate the greatest common factor of 1098432 and 3600.
144
Calculate the highest common factor of 1837292 and 41.
41
What is the greatest common factor of 13923 and 208?
13
Calculate the highest common divisor of 2401 and 28322.
49
Calculate the highest common factor of 3874 and 6838.
26
Calculate the highest common divisor of 648 and 235548.
324
What is the highest common divisor of 27981 and 6?
3
What is the greatest common factor of 340091 and 995?
199
What is the highest common factor of 920 and 220340?
460
Calculate the greatest common divisor of 18078540 and 615.
615
Calculate the highest common divisor of 26586 and 252.
126
What is the highest common divisor of 346925 and 50?
25
Calculate the highest common factor of 52364 and 1053.
13
What is the highest common divisor of 1322500 and 15?
5
What is the greatest common factor of 1400 and 27356?
28
Calculate the greatest common factor of 118 and 978810.
118
Calculate the highest common factor of 4 and 3008.
4
What is the greatest common factor of 1276 and 812?
116
Calculate the highest common divisor of 1952 and 32736.
32
Calculate the greatest common factor of 125075 and 100.
25
What is the highest common factor of 28859 and 1?
1
What is the highest common factor of 1376649 and 1809?
1809
What is the greatest common factor of 325 and 62225?
25
Calculate the highest common factor of 1724 and 4135014.
862
Calculate the greatest common divisor of 15 and 540165.
15
What is the highest common divisor of 744 and 46252?
124
What is the greatest common factor of 3239 and 246?
41
Calculate the greatest common divisor of 79677 and 9.
9
What is the greatest common divisor of 58971 and 99?
33
What is the highest common factor of 32460 and 620?
20
What is the highest common factor of 7092 and 4356?
36
What is the greatest common divisor of 261 and 5568?
87
What is the highest common factor of 24485 and 8300?
415
What is the highest common divisor of 933 and 13373?
311
Calculate the greatest common factor of 2080 and 7085.
65
Calculate the greatest common divisor of 10785880 and 1960.
1960
What is the highest common divisor of 1208 and 22046?
302
Calculate the greatest common divisor of 4890 and 748822.
326
What is the highest common divisor of 923 and 2223?
13
Calculate the highest common factor of 818890 and 204.
34
What is the greatest common divisor of 19881 and 93?
3
Calculate the highest common factor of 22975 and 40.
5
What is the highest common factor of 12643 and 32011?
269
Calculate the highest common factor of 10962 and 234.
18
What is the highest common factor of 2256 and 26649?
141
Calculate the greatest common divisor of 12 and 897504.
12
What is the greatest common factor of 49780 and 140170?
1310
What is the highest common divisor of 270803 and 364?
13
What is the highest common factor of 2239118 and 14?
14
What is the greatest common factor of 596060 and 10?
10
Calculate the greatest common divisor of 64 and 213680.
16
What is the greatest common factor of 35 and 756595?